 - 58. Is (g + 2)*1/(-3) a composite number?
False
Suppose 2*m - 5 = m, 0 = 4*h - 5*m - 1563. Is h a prime number?
True
Suppose 4*c - 3 = 5. Suppose 0*t - 2*t = c. Let v(p) = 76*p**2 - p. Is v(t) a composite number?
True
Let q(r) be the first derivative of 14*r**2 - 3*r - 8. Is q(2) prime?
True
Let g(f) = 16*f**2. Let b be g(-2). Suppose -2*u + 7*u + 55 = 0. Let k = u + b. Is k a prime number?
True
Let n(j) = 242*j + 5. Is n(2) a prime number?
False
Let v = 246 + -476. Suppose 2*h + 138 = -4*b, -61 - 14 = h - b. Let x = h - v. Is x a prime number?
True
Let k(a) be the third derivative of 9*a**4/8 - 7*a**3/6 + 3*a**2. Let f be 8 + 5/(10/(-4)). Is k(f) prime?
False
Let g = -157 + 263. Is g a prime number?
False
Suppose 0 = 3*c + 4 - 16. Suppose -c*i = -342 + 66. Is i a composite number?
True
Suppose h - 2*r + 9 = 0, -4*r + 12 = -4*h - 2*r. Let k = 4 + h. Suppose c = -5*l - k*c + 397, 3*l - 228 = c. Is l a prime number?
False
Let y = -419 - -152. Let f = y - -137. Let s = f - -195. Is s a composite number?
True
Let w(s) = 428*s + 9. Is w(5) a prime number?
False
Is (38/(-6))/(15/(-45)) composite?
False
Let m(z) = 347*z**3 + z**2 - 2*z + 1. Is m(1) composite?
False
Suppose 4*j = 214 + 534. Is j a composite number?
True
Let s(h) = 5*h**2 - 6 - 2*h - h**3 + 2*h**3 - 3*h**3 + 3*h**3. Let d be s(-5). Let j(r) = 2*r**2 + 5. Is j(d) a composite number?
False
Is 177/9 + 4/(-6) composite?
False
Let r = -439 + 876. Is r composite?
True
Let f(k) = -7*k + 3. Suppose -3*c - 5 = -4*w, -4*w - 2 = c - 11. Let o(r) = -r - 1. Let l(t) = w*o(t) - f(t). Is l(8) a prime number?
False
Is -3*(3 - (-428)/(-3)) composite?
False
Let u(v) = v**3 - 3*v**2 - 5*v + 4. Let j be u(4). Suppose j = 5*s + 3 - 23. Is ((-94)/(-8))/(1/s) a prime number?
True
Suppose n + 2 = 4. Suppose -7 - 5 = n*x. Is x*(0 + (-5)/2) prime?
False
Suppose -2*c + 12 = 2*c + 2*t, 0 = -5*c - t + 15. Suppose -2*f = c*f - 335. Is f a composite number?
False
Let a = 11 + -2. Suppose a*r - 266 = 7*r. Is r composite?
True
Let x be (-1)/(2 + (-5)/2). Let t be 18 - (-2 + x - -2). Let p = -7 + t. Is p prime?
False
Suppose 5*x - 3*k - 68 = 0, 0 = 2*x + 2*k - 6*k - 30. Let l = x + -7. Suppose -2*v = v - l. Is v a composite number?
False
Let g(r) = 145*r - 1. Let n be g(3). Let b = n - 154. Suppose -u + 5*j + 300 = 4*u, 4*j = -4*u + b. Is u prime?
False
Suppose 3*u - 2*b + 7*b = 0, -2*b = 0. Suppose c + 122 = 4*r - 103, -3*r - 3*c + 150 = u. Is r composite?
True
Suppose 2*g = 5*d + 7*g - 2955, d - 579 = 2*g. Is d a composite number?
False
Let m = 915 - 274. Is m prime?
True
Let a(z) be the second derivative of -2/3*z**3 - 5/12*z**4 + z - 1/20*z**5 - 5/2*z**2 + 0. Is a(-5) a composite number?
True
Let a(n) = 10*n**3 - 11*n**2 + 6*n - 9. Let w(b) = -15*b**3 + 16*b**2 - 9*b + 13. Let k(v) = -7*a(v) - 5*w(v). Is k(3) a composite number?
True
Is (26/(-4))/((-8)/80) a prime number?
False
Let t = -14 + 5. Let z = t - -9. Is (-2 + z)/(4/(-110)) prime?
False
Suppose 15 = -5*k - 5*y, 2*y = 5*y + 15. Let h be 3 + (-213)/(-9)*3. Suppose -a + 319 = 4*s - h, s = k*a + 87. Is s composite?
False
Let d be 1707/(-9) + 2/3. Let p = d - -1078. Is p composite?
True
Suppose -4*q + 3*w + 353 = 0, -2*q + 80 = -q + 2*w. Suppose 3*j = 5*h - 207, 2*h - 2*j + q = 4*h. Suppose 5*b - h = 53. Is b prime?
True
Suppose 0 = 4*k + 1208 + 184. Is 2 + k/(-3) - -1 prime?
False
Let g be 6*2 + 0 + -2. Is (g/(-2))/(1/(-7)) prime?
False
Let w(f) = -f**2 + 3*f - 2. Let b be w(2). Suppose b*u - 3*n + 413 = 2*u, -618 = -3*u - 5*n. Is u a prime number?
True
Let q = -2802 - -4739. Is q a prime number?
False
Let k = -838 + 1469. Is k composite?
False
Suppose -3*b + b = -18. Let x(h) be the third derivative of -h**6/120 + 11*h**5/60 - 11*h**4/24 + 2*h**3/3 + 3*h**2. Is x(b) a prime number?
True
Suppose z - 389 = -0*z. Let d = z - 270. Is d a composite number?
True
Let g = -1 + 1. Suppose 0 = -r + 3 - g. Is r prime?
True
Suppose 0 = -76*p + 74*p + 790. Is p composite?
True
Let m be -8 + (2 - 0/(-1)). Let r be ((-9)/m)/(6/16). Suppose -5*s = 4*g - 28, r*s + 7 = 3*g - 14. Is g prime?
True
Let c(a) = -260*a - 13. Is c(-4) a composite number?
True
Let a = 8 - 7. Is (a + 1)*19/2 prime?
True
Suppose 2*l - 291 = -4*f + 3*l, 3*f - l - 218 = 0. Let j = 110 - f. Is j composite?
False
Let n(j) = j**2 + j + 3. Let l be n(-3). Suppose -114 = -3*y + l. Let v = y + -28. Is v prime?
True
Let r = -51 + 148. Let u = -157 + 109. Let p = u + r. Is p composite?
True
Suppose 0 = -4*o - 4*t + 52, 4*o + 5*t = o + 45. Is 2/o - (-832)/40 prime?
False
Suppose -19 = -4*y + 109. Is ((-2)/(-2))/(8/y) composite?
True
Let f = 7 - 1. Let z be (-1)/(-2) + (-375)/f. Let k = 65 - z. Is k a prime number?
True
Suppose 0 = -2*y - 4, 5289 = 3*t - 2*y - y. Suppose 8*v - 5*v - t = 0. Is v a composite number?
False
Is 1014/8 - (-2)/8 composite?
False
Is (4/(-12))/((-2)/5034) a prime number?
True
Let k(n) = 18*n**2 - 19*n - 7. Is k(22) a prime number?
True
Let d(y) = -y**3 + 6*y**2 + 2*y - 2. Let z be -3*3*-1 - 2. Let v be d(z). Let w = v + 62. Is w a prime number?
False
Let z = 18 + -8. Let h = z - 6. Suppose -4*r - 167 = -2*f - 3*f, h*r = -3*f + 113. Is f prime?
False
Suppose -5*f = -29 - 31. Suppose -3*b + 5*r = b - 13, f = 4*b - 4*r. Suppose b*g + 48 = s + 2*s, -3*s = -g - 45. Is s composite?
True
Let m(x) = 4*x - 17. Let h be 1/2*-5*-6. Is m(h) composite?
False
Suppose -4*w = -4*o - 2*w + 28, 0 = -4*w + 8. Let k(b) be the second derivative of -b**5/20 + 7*b**4/12 + 13*b**3/6 - 9*b**2/2 + b. Is k(o) prime?
True
Let d = 112 - 70. Let b = d - 20. Is b composite?
True
Suppose 2*c - 175 = 571. Is c prime?
True
Let r(z) = -212*z - 1. Let a be 6/(-8) - 1/4. Is r(a) prime?
True
Suppose 2*x + 2*v - 10 = 0, -5*x + 2*v + 46 = -0*v. Suppose 4*q - x*q + 60 = 0. Suppose -25 = -5*b - 5*j + q, 4*j = 2*b - 46. Is b prime?
True
Let g = -2437 - -8832. Is g a composite number?
True
Suppose -306 = -4*v - 5*g, -4*v + 2*g = -353 + 61. Suppose -m + 157 = -4*d - v, d + 448 = 2*m. Is m prime?
True
Let w(y) = 35*y + 6. Is w(3) a prime number?
False
Let s(x) = -x**3 + 6*x**2 + 5*x + 3. Is s(5) composite?
False
Suppose -3*u - 19 = -2*l, l - 3*l - 11 = 3*u. Suppose -c = l*c - 21. Is c/((-6)/(-3) - 1) a prime number?
True
Let x = 98 - 3. Is x prime?
False
Let x be 1/(-4) - (-2746)/8. Let t = x + -184. Is t prime?
False
Let h(k) = k**2 + 7*k - 1. Suppose 3*a - 4*g = 2*a + 13, -5*a - 4*g + 17 = 0. Is h(a) a composite number?
False
Suppose -3*p = m - 9, 0 = -p - m + 4*m - 7. Suppose 3*s + p = 8. Suppose 175 = 5*f - 5*r, f - 6*f = -s*r - 163. Is f a composite number?
False
Suppose 6*u - 3*u = 87. Suppose -20 = -4*n - 2*l, -4*n + u = -n - 2*l. Is n a composite number?
False
Suppose 5*n - 3*q - 19 = 0, 0*n = -4*n - 2*q + 2. Suppose -n*s = -2 - 6. Suppose -s*c = 5 - 105. Is c a prime number?
False
Is (-1266)/(-10) - (-2)/5 composite?
False
Suppose 34 = 4*c - 18. Is c a prime number?
True
Let o be (-1 + 2/10)*5. Is 226/4 + (-2)/o a composite number?
True
Let u = 419 + -198. Is u composite?
True
Suppose 0 = 4*t + 4*m - 36, 0 = t + 3*m + 2*m - 25. Suppose 0 = x + t*i - 35, -x + 6*x = -2*i + 267. Is x a composite number?
True
Suppose 5630 = 4*p + 1818. Is p composite?
False
Suppose -6 = -2*q, -5*q = 4*i - 0*q - 19. Let t(l) = l + 0*l - 2*l**2 + i + 0*l**3 - 5*l**3. Is t(-2) a composite number?
False
Let x(q) = -q**3 - 7*q**2 + 8*q + 2. Let r be x(-8). Let w(h) = 1 - r - 1 + 5*h**2 + 1 - h. Is w(5) a composite number?
True
Let s(f) = -23*f + 8. Is s(-9) composite?
True
Let q(s) = -3*s - 3. Let i be q(-4). Let f = -5 + 8. Let r = i - f. Is r a prime number?
False
Let n = -29 - -53. Suppose y + 0*y = n. Let q = y + 25. Is q a prime number?
False
Let m(u) be the third derivative of 1/120*u**6 + 3*u**2 - u**3 + 0*u + 0 + 1/60*u**5 + 1/24*u**4. Is m(5) prime?
True
Let z(t) = -46*t + 3. Is z(-3) composite?
True
Let y(p) = 26*p**2 + 6*p - 1. Let n(h) = h + 12. Let c be n(-7). Is y(c) prime?
False
Let l = -528 + 1217. Is l a prime number?
False
Suppose l = -3*l - 12, c + 3*l + 4 = 0. Suppose 0*p = c*p - 1100. Suppose 0 = -6*j + 2*j + p. Is j prime?
False
Let j(w) = 3*w**2 + 2*w + 1. Let m be j(-1). Let x = 35 + -7. Let a = x - m. Is a composite?
True
Let f(y) = y**2 - 14*y + 32. Is f(15) composite?
False
Suppose 0 = -2*g + 415 + 213. Suppose 0*a - 